)/h?
8
Let t(s) = s - 5. Let g be t(7). What is the units digit of 4/(-5)*(-5)/g?
2
What is the tens digit of (6 - 3) + (35 - 2)?
3
Suppose 3*k = -5*v + 55, -v - 2 = -4*k + 2*k. What is the units digit of v?
8
Let s be (9/(-6))/((-3)/(-4)). Suppose 25 = 2*a + u + 2*u, 10 = 2*u. Let t = s + a. What is the units digit of t?
3
Suppose 0 = -7*w + 4*w + 57. What is the tens digit of w?
1
What is the tens digit of 1/(-4) + (-4 - 2905/(-20))?
4
Let z = 9 - 4. Let r(o) = -z*o**3 + 1 - 8*o**2 + 4*o**2 + 2*o**2. What is the units digit of r(-1)?
4
Let c(t) = t**2 + 3*t - 2. Let y(l) = l + 1. Let m be y(-6). Let o = m - 0. What is the units digit of c(o)?
8
Let l(f) = f**2 + 5*f. Let r(q) = 5*q + 1. Let h(t) = 2*l(t) - 3*r(t). What is the units digit of h(4)?
9
Let u be 2/(23/11 + -2). Suppose u = -3*s + 2*d, 2*d + 13 = -4*s - 7. Let i(x) = -x - 3. What is the units digit of i(s)?
3
Let t(u) = -2*u - 4. What is the units digit of t(-9)?
4
Suppose -i - 4*i + 3*d = 151, 5*d = -3*i - 77. Let m = i - -53. What is the tens digit of m?
2
Let f = 19 - 10. What is the units digit of ((-12)/f)/(1/(-3))?
4
Let u be ((-36)/(-21))/((-1)/(-7)). Let l be (-2)/((u/(-2))/(-3)). What is the tens digit of l*1/(-1) - -11?
1
Suppose 5*q - 4*q = 47. Let t = q - 33. What is the tens digit of t?
1
Let o be 1/3 - (-106)/6. Let i = o + 7. Let l = -18 + i. What is the units digit of l?
7
Suppose -3*l = 3*p - 4*p - 427, -l + 4*p = -157. What is the units digit of l?
1
Suppose j - 2*c - 9 + 0 = 0, -3*c - 3 = 2*j. Suppose -3*v + 49 = s, j*v - 68 = 4*s + 6. What is the units digit of v?
8
What is the hundreds digit of (-20)/8*((-2)/2 - 169)?
4
Suppose -5*x = -3*s - 0*x + 128, -2*x + 234 = 5*s. Let t = s + -19. Suppose -3*q = -5*v - t, 3*v = 3*q - 10 - 17. What is the units digit of q?
9
Suppose 186 = 6*r - 78. What is the tens digit of r?
4
Let s(u) = u**2 + u**2 + 2 - u**2 + 1 - 3*u. What is the units digit of s(3)?
3
Suppose 5*i - 3*q - 19 = 0, -4*i - i = -q - 23. What is the units digit of i?
5
Let f(m) = m**2 + 1. Let p(q) = 4*q**2 - 2*q + 8. Let w(z) = 5*f(z) - p(z). What is the tens digit of w(-5)?
1
Let o be (-4)/((-1)/(3/(-3))). Let x = o - -18. What is the units digit of x?
4
Let u be (1 + -1)*2/4. What is the units digit of -2 - (-3 + u + -1)?
2
Suppose -f = -0*f - 15. Suppose -3*u + 45 = 3*n, n + 5*u - f - 4 = 0. Suppose -59 + n = -5*z. What is the units digit of z?
9
Let r be (1 - (-2 + 3))/2. Suppose x + 5*m + 16 = r, 5*m - 6 = 2*x + 2*m. Let q(k) = k**2 + 6*k + 7. What is the units digit of q(x)?
7
Let s be (-65)/(-15) - (-4)/6. Let p = 11 + s. What is the units digit of p?
6
Let r be 177/7 + (-6)/21. Suppose 5*t - 7 - 3 = 0. Suppose -t*o + r = 3*o. What is the units digit of o?
5
Let h = 0 + 3. Suppose 6 = h*g - g. What is the units digit of 1*(1/(-1) + g)?
2
Let n(i) = i**3 - i**2 - i. Let o be n(0). Suppose -z + 2 - 1 = o, 2*k = 2*z. What is the units digit of k?
1
Let x(d) = 3*d**2 + 34*d + 10. What is the tens digit of x(-14)?
2
Let u = -1 + 1. Suppose s + 5 = 0, c - 42 = -3*c + 2*s. Suppose u = -7*k + c*k - 17. What is the tens digit of k?
1
Suppose y = -3*y + 3*n + 69, 5*y - 85 = 5*n. Suppose 0 = -3*f + 5*f - y. What is the units digit of f?
9
Let r(a) = a**3 - 7*a**2 - 6*a - 1. Let j be r(8). Let n = 4 + j. What is the units digit of n?
9
Let r be (5/4)/(1/4). Suppose 3*t + 2*x = 8, 5*t - 4*x = x + r. Suppose -5*v + 4*d = -35, v + 3*v = t*d + 22. What is the units digit of v?
3
Suppose -14*f - 57 = -17*f. What is the tens digit of f?
1
Let l = 7 + -7. Suppose -y - 3*y + 156 = l. What is the tens digit of y?
3
Suppose -6 = -c - 3*n + 14, 3*c = n + 40. Let o be 8/(-3)*3/(-2). Suppose -o*v + c = -2*v. What is the units digit of v?
7
Suppose 3*j + 188 - 2 = 3*t, -4*t + 203 = 5*j. What is the tens digit of t?
5
Suppose 0 = 5*r - 5*i - 35, -i - 3*i = 3*r. Let k(o) = -o**2 + 7*o - 2. Let m be k(6). Suppose 0 = -x + 1, -6*u = -m*u - r*x - 6. What is the units digit of u?
5
Let f = 68 + -48. What is the tens digit of f?
2
Suppose f = 6*f - 5. Suppose -3*u = -7*u + 12. Let r = u + f. What is the units digit of r?
4
Let u(j) = j**3 - 5*j**2 - 4*j - 7. Let f be u(6). Suppose 0*b - f*b = -65. Let k = b + -8. What is the units digit of k?
5
Let q be -55 + (-1 - (3 + -5)). Let n = q + 149. Suppose 0*p + p - 35 = -2*m, -5*p - n = -5*m. What is the tens digit of m?
1
Suppose -5*t = -i - 2*i + 468, 4*t = -2*i + 312. What is the units digit of i?
6
What is the tens digit of 99*(3 + -3 + 1)?
9
Let a(i) be the first derivative of i**4/4 - 11*i**3/3 - i**2/2 + 16*i + 3. Let n be a(11). Let t(b) = b**3 - 4*b**2 - 3*b - 4. What is the units digit of t(n)?
6
Let z be -3*(1/1 + 0). Let g(o) = -3*o**2 + 2*o**2 + 3*o - 7*o. What is the units digit of g(z)?
3
Let z = 3 + 29. What is the tens digit of z?
3
Suppose 2*i = -4*f + 2*f + 184, -9 = 3*i. Suppose 0 = 4*j - 0*j - 2*t - 98, 4*j - f = -t. What is the units digit of j?
4
Let s = -2 - -1. Suppose 3*t - 2*o - 2 = -t, 37 = 4*t + 5*o. Let w = t + s. What is the units digit of w?
2
Let t = 130 + -63. What is the units digit of t?
7
Let m(b) = b**2 - 1. Let i be m(1). Suppose 5*z - 54 + 9 = i. Suppose 0*d - z = -d. What is the units digit of d?
9
Let r(k) = -2*k - 4. Suppose -5*x + 3*x - 14 = 0. What is the tens digit of r(x)?
1
Let d be (-1 + 1)/(1 + 0). Let f = d + 2. Suppose -1 - f = -g, -3*p + 18 = g. What is the units digit of p?
5
Suppose p + 5 = 5*y - 14, 4*y = p + 16. Suppose -2*m - 3*v = -39, 4*m - 3*m - 21 = -3*v. Suppose -z = -y*z + m. What is the units digit of z?
9
Let w(k) be the third derivative of k**5/60 + k**4/6 - k**3/2 + k**2. What is the units digit of w(-6)?
9
What is the hundreds digit of 27/(-15) + 1/(-5) + 187?
1
Let o = 87 - 16. What is the tens digit of o?
7
Let j = 0 + 7. Let u be ((-6)/(-7))/((-1)/j). What is the tens digit of 3/18 - 59/u?
1
Let m be (-10)/25*(-215 - 0). What is the units digit of (-1)/(-2) - m/(-4)?
2
Suppose 200 = 5*x + 70. What is the units digit of x?
6
Let r = 2 + -3. Let g = -7 - r. What is the units digit of (g - -1)*(-6)/5?
6
Let h(w) = -8*w - 4*w + 4 - 3. Let c(v) = v**2 - 3*v - 1. Let l be c(3). What is the units digit of h(l)?
3
Suppose -3*h = 2*h + 10. Let n = 4 + h. What is the units digit of n?
2
Let w = 8 - 4. Suppose 0 = -w*o + 2*o. Suppose 2*x - 2 - 18 = o. What is the tens digit of x?
1
Let i = 1 + 16. What is the units digit of i?
7
Let d = 27 + -1. Suppose 19 = 4*o + f - d, -o - 3*f + 3 = 0. What is the tens digit of o?
1
Suppose -13*a + 7*a + 426 = 0. What is the units digit of a?
1
Let f = 54 - 20. What is the units digit of f?
4
Let m be ((-6)/5)/((-3)/10). Suppose m*l - 25 = -9. What is the units digit of l?
4
Let y(m) = 3*m - 3. Let n be y(2). Suppose -n*j + 98 = -43. Suppose 5*t + 2 - j = 0. What is the units digit of t?
9
Suppose 29*b = 28*b + 68. What is the units digit of b?
8
Let q(g) = 3*g - 4. Let l be q(-3). Let p = -9 - l. Suppose -3*i - 5 = -p*i + 4*v, -4*v = -4*i + 8. What is the units digit of i?
1
What is the tens digit of (-2)/(-13) - 4545/(-117) - 0?
3
Let h(q) = -q**2 - 7*q - 7. Let l be h(-6). Let m(a) = a**2 + a + 1. Let o be m(l). Let s(g) = 14*g**2 + g - 1. What is the tens digit of s(o)?
1
Let d = 3 - 1. Let s(r) be the second derivative of r**4/12 - r**3/3 + r**2/2 - r. What is the units digit of s(d)?
1
Suppose 3*j + 27 = -4*q, 5*j - 2*q - 3*q = -10. Let w(u) be the first derivative of u**2/2 + 7*u - 3. What is the units digit of w(j)?
2
Suppose 0 = b - 2*y - 83, -3*b - 2*y = -250 + 25. What is the tens digit of b?
7
Let y = 31 + 61. What is the units digit of y?
2
Let l(o) = 0 - 1 + 3*o - 4 - 4*o. Let y be l(-6). What is the units digit of -1*(-2 + 0 + y)?
1
Suppose 0 = t + 145 - 237. What is the tens digit of t?
9
Let o = 77 - 83. Let l(x) = -14*x - 35. Let i(k) = 9*k + 23. Let p(z) = -8*i(z) - 5*l(z). What is the units digit of p(o)?
3
Let c = 2 - 0. Suppose k + t = -0*t - 5, -4*k + c*t = 44. Let x(n) = -n**3 - 10*n**2 - 9*n + 1. What is the units digit of x(k)?
1
Let w(f) = -5*f. Let v be w(1). What is the tens digit of (0 + -3 - v)*16?
3
Let t(s) = 7*s**2 + 3*s - 3. What is the tens digit of t(-5)?
5
Suppose 60 = 2*q - 0*q - x, -5*q + 153 = -x. Suppose -v = -q - 50. Suppose -v = -5*p - 1. What is the tens digit of p?
1
Suppose s - 3*o - 17 